en 43987 is divided by 129?
127
What is the remainder when 84149 is divided by 85?
84
What is the remainder when 57930 is divided by 222?
210
Calculate the remainder when 1823 is divided by 24.
23
Calculate the remainder when 1652 is divided by 1250.
402
Calculate the remainder when 16900 is divided by 1873.
43
What is the remainder when 937 is divided by 117?
1
What is the remainder when 306302 is divided by 247?
22
What is the remainder when 1591 is divided by 57?
52
Calculate the remainder when 5749 is divided by 91.
16
Calculate the remainder when 11270 is divided by 94.
84
What is the remainder when 5233 is divided by 1028?
93
Calculate the remainder when 2900 is divided by 38.
12
Calculate the remainder when 297572 is divided by 349.
224
What is the remainder when 32053 is divided by 1668?
361
What is the remainder when 496422 is divided by 591?
573
Calculate the remainder when 2569 is divided by 1017.
535
Calculate the remainder when 62552 is divided by 74.
22
Calculate the remainder when 13384 is divided by 29.
15
What is the remainder when 2766 is divided by 4?
2
What is the remainder when 149715 is divided by 149696?
19
Calculate the remainder when 2871 is divided by 318.
9
What is the remainder when 9343 is divided by 148?
19
What is the remainder when 285933 is divided by 73?
65
Calculate the remainder when 45626 is divided by 65.
61
Calculate the remainder when 180450 is divided by 23.
15
Calculate the remainder when 49415 is divided by 29.
28
Calculate the remainder when 1389541 is divided by 69477.
1
Calculate the remainder when 233 is divided by 99.
35
What is the remainder when 1651441 is divided by 162?
13
What is the remainder when 3986 is divided by 70?
66
What is the remainder when 8413399 is divided by 59?
58
What is the remainder when 2746 is divided by 218?
130
What is the remainder when 27724 is divided by 85?
14
Calculate the remainder when 10664 is divided by 762.
758
Calculate the remainder when 103352 is divided by 27.
23
What is the remainder when 8761 is divided by 1674?
391
What is the remainder when 28914 is divided by 9617?
63
What is the remainder when 12621 is divided by 28?
21
Calculate the remainder when 4599 is divided by 850.
349
Calculate the remainder when 8777 is divided by 4372.
33
What is the remainder when 2596 is divided by 116?
44
Calculate the remainder when 22987 is divided by 95.
92
What is the remainder when 687542 is divided by 88?
86
What is the remainder when 13189 is divided by 145?
139
What is the remainder when 36732 is divided by 12242?
6
Calculate the remainder when 11159 is divided by 162.
143
What is the remainder when 50423 is divided by 931?
149
Calculate the remainder when 112886 is divided by 1980.
26
Calculate the remainder when 8262 is divided by 37.
11
Calculate the remainder when 52011 is divided by 200.
11
What is the remainder when 12088 is divided by 12037?
51
What is the remainder when 25174 is divided by 265?
264
What is the remainder when 782271 is divided by 59?
49
Calculate the remainder when 94474 is divided by 20.
14
Calculate the remainder when 5161 is divided by 1047.
973
Calculate the remainder when 27034 is divided by 8950.
184
Calculate the remainder when 2249 is divided by 11.
5
What is the remainder when 615 is divided by 540?
75
What is the remainder when 137827 is divided by 137812?
15
Calculate the remainder when 1807 is divided by 722.
363
What is the remainder when 5201 is divided by 121?
119
What is the remainder when 24895 is divided by 858?
13
What is the remainder when 47163 is divided by 93?
12
Calculate the remainder when 595595 is divided by 3102.
11
Calculate the remainder when 1459 is divided by 128.
51
Calculate the remainder when 7893 is divided by 239.
6
What is the remainder when 154132 is divided by 154098?
34
What is the remainder when 20951 is divided by 88?
7
Calculate the remainder when 10811 is divided by 212.
211
What is the remainder when 12613 is divided by 1145?
18
Calculate the remainder when 158062 is divided by 148.
146
Calculate the remainder when 2167 is divided by 1077.
13
What is the remainder when 53235 is divided by 5910?
45
Calculate the remainder when 28266 is divided by 133.
70
Calculate the remainder when 23805 is divided by 466.
39
Calculate the remainder when 543615 is divided by 496.
495
What is the remainder when 2791 is divided by 201?
178
Calculate the remainder when 3646 is divided by 147.
118
Calculate the remainder when 12031 is divided by 717.
559
What is the remainder when 52398 is divided by 5?
3
Calculate the remainder when 66188 is divided by 33084.
20
What is the remainder when 32954 is divided by 715?
64
Calculate the remainder when 2603 is divided by 773.
284
Calculate the remainder when 6036 is divided by 549.
546
What is the remainder when 3284 is divided by 166?
130
What is the remainder when 6515 is divided by 974?
671
Calculate the remainder when 25914 is divided by 37.
14
What is the remainder when 8888 is divided by 8536?
352
Calculate the remainder when 155632 is divided by 77809.
14
What is the remainder when 11628 is divided by 447?
6
What is the remainder when 275937 is divided by 27?
24
What is the remainder when 3308 is divided by 1231?
846
What is the remainder when 667889 is divided by 362?
361
What is the remainder when 767322 is divided by 24?
18
Calculate the remainder when 4229 is divided by 386.
369
What is the remainder when 1502 is divided by 131?
61
What is the remainder when 33895 is divided by 6778?
5
What is the remainder when 14218 is divided by 1?
0
What is the remainder when 102548 is divided by 102523?
25
Calculate the remainder when 105922 is divided by 257.
38
What is the remainder when 150545 is divided by 385?
10
Calculate the remainder when 883986 is divided by 520.
506
Calculate the remainder when 11060 is divided by 16.
4
What is the remainder when 5981 is divided by 5881?
100
Calculate the remainder when 387 is divided by 241.
146
Calculate the remainder when 128 is divided by 83.
45
Calculate the remainder when 11013 is divided by 3658.
39
What is the remainder when 53847 is divided by 315?
297
What is the remainder when 105632 is divided by 10560?
32
Calculate the remainder when 66689 is divided by 9522.
35
What is the remainder when 1636 is divided by 553?
530
What is the remainder when 6803 is divided by 1581?
479
What is the remainder when 7363 is divided by 68?
19
What is the remainder when 39423 is divided by 89?
85
What is the remainder when 315130 is divided by 105037?
19
What is the remainder when 2844497 is divided by 49?
47
What is the remainder when 5037 is divided by 72?
69
Calculate the remainder when 2574714 is divided by 886.
884
Calculate the remainder when 266282 is divided by 20483.
3
Calculate the remainder when 7800 is divided by 1299.
6
What is the remainder when 7531 is divided by 136?
51
Calculate the remainder when 8150 is divided by 2017.
82
What is the remainder when 4812 is divided by 519?
141
What is the remainder when 3719 is divided by 1295?
1129
Calculate the remainder when 5969 is divided by 2981.
7
Calculate the remainder when 77742 is divided by 43.
41
What is the remainder when 48051 is divided by 11?
3
What is the remainder when 5212 is divided by 3816?
1396
Calculate the remainder when 1769 is divided by 252.
5
Calculate the remainder when 10028 is divided by 42.
32
What is the remainder when 897965 is divided by 207?
206
Calculate the remainder when 3480 is divided by 3431.
49
Calculate the remainder when 180534 is divided by 38.
34
What is the remainder when 1089 is divided by 410?
269
What is the remainder when 70915 is divided by 5065?
5
What is the remainder when 74998 is divided by 100?
98
Calculate the remainder when 6806 is divided by 567.
2
What is the remainder when 190983 is divided by 17361?
12
What is the remainder when 568716 is divided by 8242?
18
Calculate the remainder when 509495 is divided by 54.
5
What is the remainder when 45547 is divided by 3303?
2608
What is the remainder when 40016 is divided by 33?
20
Calculate the remainder when 9692 is divided by 4835.
22
Calculate the remainder when 1723388 is divided by 99.
95
Calculate the remainder when 3661 is divided by 316.
185
What is the remainder whe